{"id":1534,"date":"2024-03-06T22:29:23","date_gmt":"2024-03-06T21:29:23","guid":{"rendered":"https:\/\/2cer.tech\/?page_id=1534"},"modified":"2024-09-20T00:32:38","modified_gmt":"2024-09-19T22:32:38","slug":"integration","status":"publish","type":"page","link":"https:\/\/2cer.fr\/index.php\/integration\/","title":{"rendered":"Int\u00e9gration"},"content":{"rendered":"<p>Nos diff\u00e9rents champs de comp\u00e9tences sont \u00e0 la disposition de nos clients pour d\u00e9ployer des solutions r\u00e9pondants \u00e0 leurs besoins, Le cas \u00e9ch\u00e9ant, lorsqu&rsquo;il est n\u00e9cessaire de mettre en oeuvre un ensemble de produits diff\u00e9rents dans un syst\u00e8me informatique\/t\u00e9l\u00e9com ou r\u00e9soudre une probl\u00e9matique complexe, il peut \u00eatre n\u00e9cessaire de s&rsquo;assurer que la solution nouvelle s&rsquo;int\u00e8gre sans difficult\u00e9s ni impacts n\u00e9gatifs.<\/p>\n","protected":false},"excerpt":{"rendered":"<p>Nos diff\u00e9rents champs de comp\u00e9tences sont \u00e0 la disposition de nos clients pour d\u00e9ployer des solutions r\u00e9pondants \u00e0 leurs besoins, Le cas \u00e9ch\u00e9ant, lorsqu&rsquo;il est n\u00e9cessaire de mettre en oeuvre &#8230;<\/p>\n","protected":false},"author":1,"featured_media":0,"parent":0,"menu_order":0,"comment_status":"closed","ping_status":"closed","template":"","meta":{"footnotes":""},"class_list":["post-1534","page","type-page","status-publish","hentry"],"_links":{"self":[{"href":"https:\/\/2cer.fr\/index.php\/wp-json\/wp\/v2\/pages\/1534","targetHints":{"allow":["GET"]}}],"collection":[{"href":"https:\/\/2cer.fr\/index.php\/wp-json\/wp\/v2\/pages"}],"about":[{"href":"https:\/\/2cer.fr\/index.php\/wp-json\/wp\/v2\/types\/page"}],"author":[{"embeddable":true,"href":"https:\/\/2cer.fr\/index.php\/wp-json\/wp\/v2\/users\/1"}],"replies":[{"embeddable":true,"href":"https:\/\/2cer.fr\/index.php\/wp-json\/wp\/v2\/comments?post=1534"}],"version-history":[{"count":2,"href":"https:\/\/2cer.fr\/index.php\/wp-json\/wp\/v2\/pages\/1534\/revisions"}],"predecessor-version":[{"id":1708,"href":"https:\/\/2cer.fr\/index.php\/wp-json\/wp\/v2\/pages\/1534\/revisions\/1708"}],"wp:attachment":[{"href":"https:\/\/2cer.fr\/index.php\/wp-json\/wp\/v2\/media?parent=1534"}],"curies":[{"name":"wp","href":"https:\/\/api.w.org\/{rel}","templated":true}]}}