{"id":1530,"date":"2024-03-06T22:26:58","date_gmt":"2024-03-06T21:26:58","guid":{"rendered":"https:\/\/2cer.tech\/?page_id=1530"},"modified":"2024-09-20T00:17:20","modified_gmt":"2024-09-19T22:17:20","slug":"vente","status":"publish","type":"page","link":"https:\/\/2cer.fr\/index.php\/vente\/","title":{"rendered":"Vente"},"content":{"rendered":"<p>Nous commercialisons diff\u00e9rentes gammes de produits dans des domaines aussi vari\u00e9s que l&rsquo;informatique, les t\u00e9l\u00e9communication, les radiocommunications, la suret\u00e9\/s\u00e9curit\u00e9.<\/p>\n<p>Voici quelques constructeurs\/\u00e9quipementiers\/\u00e9diteurs de solutions logicielles avec lesquels nous avons l&rsquo;habitude de travailler :<\/p>\n<p><a href=\"https:\/\/www.zyxel.com\/fr\/fr\" target=\"_blank\" rel=\"noopener\"><img loading=\"lazy\" decoding=\"async\" class=\"alignnone wp-image-1685 size-full\" src=\"https:\/\/2cer.fr\/wp-content\/uploads\/2024\/09\/zyxel.png\" alt=\"Zyxel Networks\" width=\"130\" height=\"50\" \/><\/a><\/p>\n<p><a href=\"https:\/\/www.mobotix.com\/\" target=\"_blank\" rel=\"noopener\"><img loading=\"lazy\" decoding=\"async\" class=\"alignnone wp-image-1690\" src=\"https:\/\/2cer.fr\/wp-content\/uploads\/2024\/09\/MOBOTIX-Logo-300x46.png\" alt=\"Mobotix\" width=\"221\" height=\"34\" srcset=\"https:\/\/2cer.fr\/wp-content\/uploads\/2024\/09\/MOBOTIX-Logo-300x46.png 300w, https:\/\/2cer.fr\/wp-content\/uploads\/2024\/09\/MOBOTIX-Logo-1024x156.png 1024w, https:\/\/2cer.fr\/wp-content\/uploads\/2024\/09\/MOBOTIX-Logo-768x117.png 768w, https:\/\/2cer.fr\/wp-content\/uploads\/2024\/09\/MOBOTIX-Logo-1536x234.png 1536w, https:\/\/2cer.fr\/wp-content\/uploads\/2024\/09\/MOBOTIX-Logo-2048x312.png 2048w\" sizes=\"auto, (max-width: 221px) 100vw, 221px\" \/><\/a><\/p>\n<p><a href=\"https:\/\/www.kaspersky.fr\/\" target=\"_blank\" rel=\"noopener\"><img loading=\"lazy\" decoding=\"async\" class=\"alignnone wp-image-1691 size-full\" src=\"https:\/\/2cer.fr\/wp-content\/uploads\/2024\/09\/kaspersky.png\" alt=\"Kaspersky, solutions de cybers\u00e9curit\u00e9\" width=\"168\" height=\"43\" \/><\/a><\/p>\n<p><a href=\"https:\/\/www.ui.com\/\" target=\"_blank\" rel=\"noopener\"><img loading=\"lazy\" decoding=\"async\" class=\"alignnone wp-image-1692\" src=\"https:\/\/2cer.fr\/wp-content\/uploads\/2024\/09\/U-logo-colourful-300x300.png\" alt=\"Ubiquiti Networks\" width=\"131\" height=\"131\" srcset=\"https:\/\/2cer.fr\/wp-content\/uploads\/2024\/09\/U-logo-colourful-300x300.png 300w, https:\/\/2cer.fr\/wp-content\/uploads\/2024\/09\/U-logo-colourful-150x150.png 150w, https:\/\/2cer.fr\/wp-content\/uploads\/2024\/09\/U-logo-colourful.png 512w\" sizes=\"auto, (max-width: 131px) 100vw, 131px\" \/><\/a><\/p>\n<p><a href=\"https:\/\/mikrotik.com\/\" target=\"_blank\" rel=\"noopener\"><img loading=\"lazy\" decoding=\"async\" class=\"alignnone wp-image-1693 size-medium\" src=\"https:\/\/2cer.fr\/wp-content\/uploads\/2024\/09\/mikrotik-300x59.png\" alt=\"Mikrotik\" width=\"300\" height=\"59\" srcset=\"https:\/\/2cer.fr\/wp-content\/uploads\/2024\/09\/mikrotik-300x59.png 300w, https:\/\/2cer.fr\/wp-content\/uploads\/2024\/09\/mikrotik.png 510w\" sizes=\"auto, (max-width: 300px) 100vw, 300px\" \/><\/a><\/p>\n<p><a href=\"https:\/\/www.planet.com.tw\/en\" target=\"_blank\" rel=\"noopener\"><img loading=\"lazy\" decoding=\"async\" class=\"alignnone wp-image-1694\" src=\"https:\/\/2cer.fr\/wp-content\/uploads\/2024\/09\/logo_PLANET.png\" alt=\"Planet Networking and Communication\" width=\"198\" height=\"51\" srcset=\"https:\/\/2cer.fr\/wp-content\/uploads\/2024\/09\/logo_PLANET.png 155w, https:\/\/2cer.fr\/wp-content\/uploads\/2024\/09\/logo_PLANET-150x40.png 150w\" sizes=\"auto, (max-width: 198px) 100vw, 198px\" \/><\/a><\/p>\n<p><a href=\"https:\/\/www.planet.com.tw\/en\" target=\"_blank\" rel=\"noopener\"><img loading=\"lazy\" decoding=\"async\" class=\"alignnone wp-image-1695 size-full\" src=\"https:\/\/2cer.fr\/wp-content\/uploads\/2024\/09\/logo-grandstream-low-web.webp\" alt=\"Grandstream\" width=\"300\" height=\"43\" \/><\/a><\/p>\n<p><a href=\"https:\/\/www.hikvision.com\/fr\/\" target=\"_blank\" rel=\"noopener\"><img loading=\"lazy\" decoding=\"async\" class=\"alignnone wp-image-1696 size-full\" src=\"https:\/\/2cer.fr\/wp-content\/uploads\/2024\/09\/hikvision.png\" alt=\"HIKVISION, solutions de suret\u00e9\/s\u00e9curit\u00e9\" width=\"194\" height=\"39\" \/><\/a><\/p>\n<p><a href=\"https:\/\/www.tp-link.com\/fr\" target=\"_blank\" rel=\"noopener\"><img loading=\"lazy\" decoding=\"async\" class=\"alignnone wp-image-1697 size-full\" src=\"https:\/\/2cer.fr\/wp-content\/uploads\/2024\/09\/tplink.png\" alt=\"TP-Link\" width=\"121\" height=\"53\" \/><\/a><\/p>\n<p><a href=\"https:\/\/www.netspotapp.com\/fr\/\" target=\"_blank\" rel=\"noopener\"><img loading=\"lazy\" decoding=\"async\" class=\"alignnone wp-image-1698 size-full\" src=\"https:\/\/2cer.fr\/wp-content\/uploads\/2024\/09\/netspot.webp\" alt=\"NetSpot, solutions logicielles de d\u00e9ploiement WiFi\" width=\"169\" height=\"50\" \/><\/a><\/p>\n\n\n<p><\/p>\n","protected":false},"excerpt":{"rendered":"<p>Nous commercialisons diff\u00e9rentes gammes de produits dans des domaines aussi vari\u00e9s que l&rsquo;informatique, les t\u00e9l\u00e9communication, les radiocommunications, la suret\u00e9\/s\u00e9curit\u00e9. Voici quelques constructeurs\/\u00e9quipementiers\/\u00e9diteurs de solutions logicielles avec lesquels nous avons l&rsquo;habitude &#8230;<\/p>\n","protected":false},"author":1,"featured_media":0,"parent":0,"menu_order":0,"comment_status":"closed","ping_status":"closed","template":"","meta":{"footnotes":""},"class_list":["post-1530","page","type-page","status-publish","hentry"],"_links":{"self":[{"href":"https:\/\/2cer.fr\/index.php\/wp-json\/wp\/v2\/pages\/1530","targetHints":{"allow":["GET"]}}],"collection":[{"href":"https:\/\/2cer.fr\/index.php\/wp-json\/wp\/v2\/pages"}],"about":[{"href":"https:\/\/2cer.fr\/index.php\/wp-json\/wp\/v2\/types\/page"}],"author":[{"embeddable":true,"href":"https:\/\/2cer.fr\/index.php\/wp-json\/wp\/v2\/users\/1"}],"replies":[{"embeddable":true,"href":"https:\/\/2cer.fr\/index.php\/wp-json\/wp\/v2\/comments?post=1530"}],"version-history":[{"count":8,"href":"https:\/\/2cer.fr\/index.php\/wp-json\/wp\/v2\/pages\/1530\/revisions"}],"predecessor-version":[{"id":1704,"href":"https:\/\/2cer.fr\/index.php\/wp-json\/wp\/v2\/pages\/1530\/revisions\/1704"}],"wp:attachment":[{"href":"https:\/\/2cer.fr\/index.php\/wp-json\/wp\/v2\/media?parent=1530"}],"curies":[{"name":"wp","href":"https:\/\/api.w.org\/{rel}","templated":true}]}}