{"id":1182,"date":"2016-03-18T06:13:33","date_gmt":"2016-03-18T06:13:33","guid":{"rendered":"http:\/\/demos.famethemes.com\/onepress\/shop\/"},"modified":"2024-03-07T23:38:15","modified_gmt":"2024-03-07T22:38:15","slug":"shop","status":"publish","type":"page","link":"https:\/\/2cer.fr\/index.php\/shop\/","title":{"rendered":"Boutique en ligne"},"content":{"rendered":"\n<p>Vous pouvez consulter notre catalogue de produits par l&rsquo;interm\u00e9diaire de notre <a href=\"http:\/\/shop.2cer.fr\" data-type=\"link\" data-id=\"shop.2cer.fr\" target=\"_blank\" rel=\"noreferrer noopener\">boutique en ligne<\/a>. N\u00e9anmoins, la vente des produits n&rsquo;est pas ouverte pour le moment de mani\u00e8re d\u00e9mat\u00e9rialis\u00e9, vous devrez prendre contact avec nous par le biais de notre <a href=\"https:\/\/2cer.fr\/index.php\/votre-demande-par-rapport-a-la-boutique-en-ligne\/\" data-type=\"page\" data-id=\"1657\" target=\"_blank\" rel=\"noreferrer noopener\">Formulaire de contact<\/a>.<\/p>\n\n\n\n<figure class=\"wp-block-image size-full\"><img loading=\"lazy\" decoding=\"async\" width=\"875\" height=\"1013\" src=\"https:\/\/2cer.fr\/wp-content\/uploads\/2024\/03\/2024-03-07-01_05_49-2CER-TECHNOLOGIES-\u2014-Mozilla-Firefox.png\" alt=\"\" class=\"wp-image-1605\" srcset=\"https:\/\/2cer.fr\/wp-content\/uploads\/2024\/03\/2024-03-07-01_05_49-2CER-TECHNOLOGIES-\u2014-Mozilla-Firefox.png 875w, https:\/\/2cer.fr\/wp-content\/uploads\/2024\/03\/2024-03-07-01_05_49-2CER-TECHNOLOGIES-\u2014-Mozilla-Firefox-259x300.png 259w, https:\/\/2cer.fr\/wp-content\/uploads\/2024\/03\/2024-03-07-01_05_49-2CER-TECHNOLOGIES-\u2014-Mozilla-Firefox-768x889.png 768w\" sizes=\"auto, (max-width: 875px) 100vw, 875px\" \/><\/figure>\n","protected":false},"excerpt":{"rendered":"<p>Vous pouvez consulter notre catalogue de produits par l&rsquo;interm\u00e9diaire de notre boutique en ligne. N\u00e9anmoins, la vente des produits n&rsquo;est pas ouverte pour le moment de mani\u00e8re d\u00e9mat\u00e9rialis\u00e9, vous devrez &#8230;<\/p>\n","protected":false},"author":1,"featured_media":0,"parent":0,"menu_order":0,"comment_status":"closed","ping_status":"closed","template":"","meta":{"footnotes":""},"class_list":["post-1182","page","type-page","status-publish","hentry"],"_links":{"self":[{"href":"https:\/\/2cer.fr\/index.php\/wp-json\/wp\/v2\/pages\/1182","targetHints":{"allow":["GET"]}}],"collection":[{"href":"https:\/\/2cer.fr\/index.php\/wp-json\/wp\/v2\/pages"}],"about":[{"href":"https:\/\/2cer.fr\/index.php\/wp-json\/wp\/v2\/types\/page"}],"author":[{"embeddable":true,"href":"https:\/\/2cer.fr\/index.php\/wp-json\/wp\/v2\/users\/1"}],"replies":[{"embeddable":true,"href":"https:\/\/2cer.fr\/index.php\/wp-json\/wp\/v2\/comments?post=1182"}],"version-history":[{"count":5,"href":"https:\/\/2cer.fr\/index.php\/wp-json\/wp\/v2\/pages\/1182\/revisions"}],"predecessor-version":[{"id":1662,"href":"https:\/\/2cer.fr\/index.php\/wp-json\/wp\/v2\/pages\/1182\/revisions\/1662"}],"wp:attachment":[{"href":"https:\/\/2cer.fr\/index.php\/wp-json\/wp\/v2\/media?parent=1182"}],"curies":[{"name":"wp","href":"https:\/\/api.w.org\/{rel}","templated":true}]}}